{"id":43,"date":"2011-11-02T20:22:51","date_gmt":"2011-11-02T19:22:51","guid":{"rendered":"https:\/\/abcdr.guyader.pro\/?page_id=43"},"modified":"2020-05-23T18:37:58","modified_gmt":"2020-05-23T17:37:58","slug":"abcdr","status":"publish","type":"page","link":"https:\/\/thinkr.fr\/abcdr\/","title":{"rendered":"Abcd&rsquo;R"},"content":{"rendered":"<p>L&rsquo;Abcd&rsquo;R est un <strong>site collaboratif de <a href=\"https:\/\/thinkr.fr\/abcdr\/tous-les-scripts\/\">partage de scripts<\/a><\/strong>, de codes et d&rsquo;astuces sur le <strong>logiciel R<\/strong> (GNU-R).<br \/>\nCombien d&rsquo;entre nous ont \u00e9t\u00e9 bloqu\u00e9s par des soucis de base: \u00ab\u00a0Comment importer des donn\u00e9es excel ?\u00a0\u00bb, \u00ab\u00a0Comment fait-on d\u00e9j\u00e0 pour utiliser apply ?\u00a0\u00bb&#8230;<br \/>\nCe site se veut simple et didactique, <strong>chaque script est comment\u00e9<\/strong>, class\u00e9 et r\u00e9pond \u00e0 une <strong>probl\u00e9matique pr\u00e9cise<\/strong>. Les scripts R propos\u00e9s peuvent \u00eatre lanc\u00e9s directement, c&rsquo;est-\u00e0-dire que les packages\u00a0 utiles sont pr\u00e9cis\u00e9s et que des petits jeux de donn\u00e9es sont propos\u00e9s lorsque n\u00e9cessaire.<br \/>\nN&rsquo;h\u00e9sitez pas vous aussi \u00e0 <a href=\"https:\/\/thinkr.fr\/abcdr\/soumettre-un-article\/\"><strong>proposer vos scripts R<\/strong><\/a> et \u00e0 noter ceux des autres.<br \/>\nSur ce site vous trouverez aussi les autres sites Internet indispensables pour<strong> comprendre et ma\u00eetriser ce logiciel<\/strong> de statistique, ainsi que les tutoriels de bases pour bien d\u00e9buter.<br \/>\nToute l&rsquo;\u00e9quipe vous souhaite une bonne visite,<\/p>\n","protected":false},"excerpt":{"rendered":"<p>L&rsquo;Abcd&rsquo;R est un site collaboratif de partage de scripts, de codes et d&rsquo;astuces sur le logiciel R (GNU-R). Combien d&rsquo;entre nous ont \u00e9t\u00e9 bloqu\u00e9s par des soucis de base: \u00ab\u00a0Comment importer des donn\u00e9es excel ?\u00a0\u00bb, \u00ab\u00a0Comment fait-on d\u00e9j\u00e0 pour utiliser apply ?\u00a0\u00bb&#8230; Ce site se veut simple et didactique, chaque script est comment\u00e9, class\u00e9 et r\u00e9pond \u00e0 une probl\u00e9matique pr\u00e9cise. Les scripts R propos\u00e9s peuvent \u00eatre lanc\u00e9s directement, c&rsquo;est-\u00e0-dire que les packages\u00a0 utiles sont pr\u00e9cis\u00e9s et que des petits jeux de donn\u00e9es sont propos\u00e9s lorsque n\u00e9cessaire. N&rsquo;h\u00e9sitez pas vous aussi \u00e0 proposer vos scripts R et \u00e0 noter ceux des autres. Sur ce site vous<a class=\"more-link\" href=\"https:\/\/thinkr.fr\/abcdr\/\">Read More &rarr;<\/a><\/p>\n","protected":false},"author":2,"featured_media":3782,"parent":0,"menu_order":0,"comment_status":"closed","ping_status":"closed","template":"page-templates\/template-widgetized.php","meta":{"_acf_changed":false,"content-type":"","rop_custom_images_group":[],"rop_custom_messages_group":[],"rop_publish_now":"initial","rop_publish_now_accounts":{"twitter_399453572_399453572":""},"rop_publish_now_history":[],"rop_publish_now_status":"pending","jetpack_post_was_ever_published":false,"footnotes":""},"class_list":{"0":"entry","1":"page","2":"publish","3":"author-vincent","4":"post-43","6":"has-post-thumbnail"},"acf":[],"jetpack_shortlink":"https:\/\/wp.me\/P9O7Sx-H","jetpack_sharing_enabled":true,"_links":{"self":[{"href":"https:\/\/thinkr.fr\/abcdr\/wp-json\/wp\/v2\/pages\/43","targetHints":{"allow":["GET"]}}],"collection":[{"href":"https:\/\/thinkr.fr\/abcdr\/wp-json\/wp\/v2\/pages"}],"about":[{"href":"https:\/\/thinkr.fr\/abcdr\/wp-json\/wp\/v2\/types\/page"}],"author":[{"embeddable":true,"href":"https:\/\/thinkr.fr\/abcdr\/wp-json\/wp\/v2\/users\/2"}],"replies":[{"embeddable":true,"href":"https:\/\/thinkr.fr\/abcdr\/wp-json\/wp\/v2\/comments?post=43"}],"version-history":[{"count":4,"href":"https:\/\/thinkr.fr\/abcdr\/wp-json\/wp\/v2\/pages\/43\/revisions"}],"predecessor-version":[{"id":3843,"href":"https:\/\/thinkr.fr\/abcdr\/wp-json\/wp\/v2\/pages\/43\/revisions\/3843"}],"wp:featuredmedia":[{"embeddable":true,"href":"https:\/\/thinkr.fr\/abcdr\/wp-json\/wp\/v2\/media\/3782"}],"wp:attachment":[{"href":"https:\/\/thinkr.fr\/abcdr\/wp-json\/wp\/v2\/media?parent=43"}],"curies":[{"name":"wp","href":"https:\/\/api.w.org\/{rel}","templated":true}]}}