{"id":3221,"date":"2015-10-01T22:00:08","date_gmt":"2015-10-01T21:00:08","guid":{"rendered":"https:\/\/abcdr.guyader.pro\/?page_id=3221"},"modified":"2020-05-23T18:38:00","modified_gmt":"2020-05-23T17:38:00","slug":"formation-au-logiciel-r","status":"publish","type":"page","link":"https:\/\/thinkr.fr\/abcdr\/formation-au-logiciel-r\/","title":{"rendered":"Formation au logiciel R"},"content":{"rendered":"<p>&nbsp;<\/p>\n<h1>Formation au logiciel R<\/h1>\n<p>Afin de progresser et de ma\u00eetriser au mieux le logiciel R nous vous proposons des <a href=\"https:\/\/thinkr.fr\"><strong>formations sur mesure \u00e0 R<\/strong><\/a> . Il peut s&rsquo;agir de formations orient\u00e9es statistique, programmation avanc\u00e9e avec R, <strong>big-data avec R<\/strong>, <a href=\"https:\/\/thinkr.fr\/formation-au-logiciel-r\/cartographie-et-sig-avec-r\/\">cartographie avec R<\/a>, <a href=\"https:\/\/thinkr.fr\/formation-au-logiciel-r\/creation-de-packages-r\/\">d\u00e9veloppement de packages<\/a>, <a href=\"https:\/\/thinkr.fr\/formation-au-logiciel-r\/conception-dinterfaces-shiny\/\">d\u00e9veloppement d&rsquo;interface web avec {shiny}<\/a>.<br \/>\nD\u00e9butant ou confirm\u00e9, <a href=\"https:\/\/thinkr.fr\/abcdr\/contact-2\/\">contactez-nous<\/a>\u00a0afin d&rsquo;\u00e9laborer avec nous un programme de <a href=\"https:\/\/thinkr.fr\/formation-au-logiciel-r\/\">formation au logiciel R<\/a> qui correspond \u00e0 vos besoins et \u00e0 votre niveau. Il s&rsquo;agit de formation sur mesure, en distanciel ou dans vos locaux, possiblement partout en France. Nous utilisons vos probl\u00e9matiques et vos jeux de donn\u00e9es afin d&rsquo;\u00e9laborer une session de formation R sur mesure.<br \/>\nNous sommes joignables au <strong>01.85.09.14.03<\/strong> ou via le formulaire ci dessous.<br \/>\n\n<div class=\"wpcf7 no-js\" id=\"wpcf7-f3224-o1\" lang=\"en-US\" dir=\"ltr\" data-wpcf7-id=\"3224\">\n<div class=\"screen-reader-response\"><p role=\"status\" aria-live=\"polite\" aria-atomic=\"true\"><\/p> <ul><\/ul><\/div>\n<form action=\"\/abcdr\/wp-json\/wp\/v2\/pages\/3221\/#wpcf7-f3224-o1\" method=\"post\" class=\"wpcf7-form init\" aria-label=\"Contact form\" novalidate=\"novalidate\" data-status=\"init\">\n<fieldset class=\"hidden-fields-container\"><input type=\"hidden\" name=\"_wpcf7\" value=\"3224\" \/><input type=\"hidden\" name=\"_wpcf7_version\" value=\"6.1.6\" \/><input type=\"hidden\" name=\"_wpcf7_locale\" value=\"en_US\" \/><input type=\"hidden\" name=\"_wpcf7_unit_tag\" value=\"wpcf7-f3224-o1\" \/><input type=\"hidden\" name=\"_wpcf7_container_post\" value=\"0\" \/><input type=\"hidden\" name=\"_wpcf7_posted_data_hash\" value=\"\" \/>\n<\/fieldset>\n<p><span class=\"wpcf7-form-control-wrap\" data-name=\"nom\"><input size=\"40\" maxlength=\"400\" class=\"wpcf7-form-control wpcf7-text wpcf7-validates-as-required\" aria-required=\"true\" aria-invalid=\"false\" placeholder=\"Nom*\" value=\"\" type=\"text\" name=\"nom\" \/><\/span>\n<\/p>\n<p><span class=\"wpcf7-form-control-wrap\" data-name=\"email\"><input size=\"40\" maxlength=\"400\" class=\"wpcf7-form-control wpcf7-email wpcf7-validates-as-required wpcf7-text wpcf7-validates-as-email\" aria-required=\"true\" aria-invalid=\"false\" placeholder=\"Email*\" value=\"\" type=\"email\" name=\"email\" \/><\/span>\n<\/p>\n<p><span class=\"wpcf7-form-control-wrap\" data-name=\"telephone\"><input size=\"40\" maxlength=\"400\" class=\"wpcf7-form-control wpcf7-tel wpcf7-validates-as-required wpcf7-text wpcf7-validates-as-tel\" aria-required=\"true\" aria-invalid=\"false\" placeholder=\"T\u00e9l\u00e9phone*\" value=\"\" type=\"tel\" name=\"telephone\" \/><\/span>\n<\/p>\n<p><span class=\"wpcf7-form-control-wrap\" data-name=\"message\"><textarea cols=\"40\" rows=\"10\" maxlength=\"2000\" class=\"wpcf7-form-control wpcf7-textarea wpcf7-validates-as-required\" aria-required=\"true\" aria-invalid=\"false\" placeholder=\"Message*\" name=\"message\"><\/textarea><\/span>\n<\/p>\n<div id=\"rgpd\">\n\t<p><span class=\"wpcf7-form-control-wrap\" data-name=\"rgpd-compliance\"><span class=\"wpcf7-form-control wpcf7-checkbox wpcf7-validates-as-required\"><span class=\"wpcf7-list-item first last\"><input type=\"checkbox\" name=\"rgpd-compliance[]\" value=\"oui\" \/><span class=\"wpcf7-list-item-label\">oui<\/span><\/span><\/span><\/span> J'accepte le stockage et le traitement de mes donn\u00e9es et autorise ThinkR \u00e0 me contacter.\n\t<\/p>\n<\/div>\n<div class=\"wpcf7-response-output\" aria-hidden=\"true\"><\/div>\n<p><input class=\"wpcf7-form-control wpcf7-submit has-spinner\" type=\"submit\" value=\"Envoyer\" \/>\n<\/p><p style=\"display: none !important;\" class=\"akismet-fields-container\" data-prefix=\"_wpcf7_ak_\"><label>&#916;<textarea name=\"_wpcf7_ak_hp_textarea\" cols=\"45\" rows=\"8\" maxlength=\"100\"><\/textarea><\/label><input type=\"hidden\" id=\"ak_js_1\" name=\"_wpcf7_ak_js\" value=\"219\"\/><script>\ndocument.getElementById( \"ak_js_1\" ).setAttribute( \"value\", ( new Date() ).getTime() );\n<\/script>\n<\/p>\n<\/form>\n<\/div>\n<\/p>\n","protected":false},"excerpt":{"rendered":"<p>&nbsp; Formation au logiciel R Afin de progresser et de ma\u00eetriser au mieux le logiciel R nous vous proposons des formations sur mesure \u00e0 R . Il peut s&rsquo;agir de formations orient\u00e9es statistique, programmation avanc\u00e9e avec R, big-data avec R, cartographie avec R, d\u00e9veloppement de packages, d\u00e9veloppement d&rsquo;interface web avec {shiny}. D\u00e9butant ou confirm\u00e9, contactez-nous\u00a0afin d&rsquo;\u00e9laborer avec nous un programme de formation au logiciel R qui correspond \u00e0 vos besoins et \u00e0 votre niveau. Il s&rsquo;agit de formation sur mesure, en distanciel ou dans vos locaux, possiblement partout en France. Nous utilisons vos probl\u00e9matiques et vos jeux de donn\u00e9es afin d&rsquo;\u00e9laborer une session de formation<a class=\"more-link\" href=\"https:\/\/thinkr.fr\/abcdr\/formation-au-logiciel-r\/\">Read More &rarr;<\/a><\/p>\n","protected":false},"author":2,"featured_media":3790,"parent":0,"menu_order":0,"comment_status":"closed","ping_status":"open","template":"","meta":{"_acf_changed":false,"content-type":"","rop_custom_images_group":[],"rop_custom_messages_group":[],"rop_publish_now":"initial","rop_publish_now_accounts":{"twitter_399453572_399453572":""},"rop_publish_now_history":[],"rop_publish_now_status":"pending","footnotes":""},"class_list":{"0":"entry","1":"page","2":"publish","3":"author-vincent","4":"post-3221","6":"has-post-thumbnail"},"acf":[],"jetpack_shortlink":"https:\/\/wp.me\/P9O7Sx-PX","jetpack_sharing_enabled":true,"_links":{"self":[{"href":"https:\/\/thinkr.fr\/abcdr\/wp-json\/wp\/v2\/pages\/3221","targetHints":{"allow":["GET"]}}],"collection":[{"href":"https:\/\/thinkr.fr\/abcdr\/wp-json\/wp\/v2\/pages"}],"about":[{"href":"https:\/\/thinkr.fr\/abcdr\/wp-json\/wp\/v2\/types\/page"}],"author":[{"embeddable":true,"href":"https:\/\/thinkr.fr\/abcdr\/wp-json\/wp\/v2\/users\/2"}],"replies":[{"embeddable":true,"href":"https:\/\/thinkr.fr\/abcdr\/wp-json\/wp\/v2\/comments?post=3221"}],"version-history":[{"count":8,"href":"https:\/\/thinkr.fr\/abcdr\/wp-json\/wp\/v2\/pages\/3221\/revisions"}],"predecessor-version":[{"id":4761,"href":"https:\/\/thinkr.fr\/abcdr\/wp-json\/wp\/v2\/pages\/3221\/revisions\/4761"}],"wp:featuredmedia":[{"embeddable":true,"href":"https:\/\/thinkr.fr\/abcdr\/wp-json\/wp\/v2\/media\/3790"}],"wp:attachment":[{"href":"https:\/\/thinkr.fr\/abcdr\/wp-json\/wp\/v2\/media?parent=3221"}],"curies":[{"name":"wp","href":"https:\/\/api.w.org\/{rel}","templated":true}]}}